{"id":1489,"date":"2019-04-03T10:20:07","date_gmt":"2019-04-03T10:20:07","guid":{"rendered":"http:\/\/mojowallet.hu\/tesztoldal\/?page_id=1488"},"modified":"2019-08-12T20:17:13","modified_gmt":"2019-08-12T20:17:13","slug":"training","status":"publish","type":"page","link":"https:\/\/remarker.eu\/index.php\/training\/","title":{"rendered":"Training"},"content":{"rendered":"\t\t<div data-elementor-type=\"wp-post\" data-elementor-id=\"1489\" class=\"elementor elementor-1489\">\n\t\t\t\t\t\t<div class=\"elementor-inner\">\n\t\t\t\t<div class=\"elementor-section-wrap\">\n\t\t\t\t\t\t\t\t\t<section class=\"elementor-section elementor-top-section elementor-element elementor-element-3e9ef56 elementor-section-height-min-height elementor-section-boxed elementor-section-height-default elementor-section-items-middle\" data-id=\"3e9ef56\" data-element_type=\"section\" data-settings=\"{&quot;background_background&quot;:&quot;classic&quot;}\">\n\t\t\t\t\t\t\t<div class=\"elementor-background-overlay\"><\/div>\n\t\t\t\t\t\t\t<div class=\"elementor-container elementor-column-gap-default\">\n\t\t\t\t\t\t\t<div class=\"elementor-row\">\n\t\t\t\t\t<div class=\"elementor-column elementor-col-100 elementor-top-column elementor-element elementor-element-a1b5139\" data-id=\"a1b5139\" data-element_type=\"column\">\n\t\t\t<div class=\"elementor-column-wrap elementor-element-populated\">\n\t\t\t\t\t\t\t<div class=\"elementor-widget-wrap\">\n\t\t\t\t\t\t<div class=\"elementor-element elementor-element-d945390 animated-slow elementor-widget elementor-widget-heading\" data-id=\"d945390\" data-element_type=\"widget\" data-settings=\"{&quot;_animation&quot;:&quot;none&quot;}\" data-widget_type=\"heading.default\">\n\t\t\t\t<div class=\"elementor-widget-container\">\n\t\t\t<h1 class=\"elementor-heading-title elementor-size-default\">Training<\/h1>\t\t<\/div>\n\t\t\t\t<\/div>\n\t\t\t\t<div class=\"elementor-element elementor-element-9f7d37e elementor-widget-divider--view-line elementor-widget elementor-widget-divider\" data-id=\"9f7d37e\" data-element_type=\"widget\" data-widget_type=\"divider.default\">\n\t\t\t\t<div class=\"elementor-widget-container\">\n\t\t\t\t\t<div class=\"elementor-divider\">\n\t\t\t<span class=\"elementor-divider-separator\">\n\t\t\t\t\t\t<\/span>\n\t\t<\/div>\n\t\t\t\t<\/div>\n\t\t\t\t<\/div>\n\t\t\t\t<section class=\"elementor-section elementor-inner-section elementor-element elementor-element-d673fa0 elementor-section-boxed elementor-section-height-default elementor-section-height-default\" data-id=\"d673fa0\" data-element_type=\"section\">\n\t\t\t\t\t\t<div class=\"elementor-container elementor-column-gap-default\">\n\t\t\t\t\t\t\t<div class=\"elementor-row\">\n\t\t\t\t\t<div class=\"elementor-column elementor-col-50 elementor-inner-column elementor-element elementor-element-ebcc91e\" data-id=\"ebcc91e\" data-element_type=\"column\">\n\t\t\t<div class=\"elementor-column-wrap elementor-element-populated\">\n\t\t\t\t\t\t\t<div class=\"elementor-widget-wrap\">\n\t\t\t\t\t\t<div class=\"elementor-element elementor-element-1c252a7 animated-slow elementor-widget elementor-widget-heading\" data-id=\"1c252a7\" data-element_type=\"widget\" data-settings=\"{&quot;_animation&quot;:&quot;none&quot;}\" data-widget_type=\"heading.default\">\n\t\t\t\t<div class=\"elementor-widget-container\">\n\t\t\t<h2 class=\"elementor-heading-title elementor-size-default\">Bringing visuals into your daily life and work<\/h2>\t\t<\/div>\n\t\t\t\t<\/div>\n\t\t\t\t<div class=\"elementor-element elementor-element-d488478 elementor-hidden-desktop elementor-hidden-tablet elementor-widget elementor-widget-image\" data-id=\"d488478\" data-element_type=\"widget\" data-widget_type=\"image.default\">\n\t\t\t\t<div class=\"elementor-widget-container\">\n\t\t\t\t\t\t\t\t<div class=\"elementor-image\">\n\t\t\t\t\t\t\t\t\t\t\t\t<img decoding=\"async\" width=\"1000\" height=\"1000\" src=\"https:\/\/remarker.eu\/wp-content\/uploads\/2019\/04\/training_01.jpg\" class=\"attachment-full size-full wp-image-1522\" alt=\"\" srcset=\"https:\/\/remarker.eu\/wp-content\/uploads\/2019\/04\/training_01.jpg 1000w, https:\/\/remarker.eu\/wp-content\/uploads\/2019\/04\/training_01-150x150.jpg 150w, https:\/\/remarker.eu\/wp-content\/uploads\/2019\/04\/training_01-300x300.jpg 300w, https:\/\/remarker.eu\/wp-content\/uploads\/2019\/04\/training_01-768x768.jpg 768w\" sizes=\"(max-width: 1000px) 100vw, 1000px\" \/>\t\t\t\t\t\t\t\t\t\t\t\t\t\t<\/div>\n\t\t\t\t\t\t<\/div>\n\t\t\t\t<\/div>\n\t\t\t\t<div class=\"elementor-element elementor-element-aef07b2 elementor-widget elementor-widget-text-editor\" data-id=\"aef07b2\" data-element_type=\"widget\" data-settings=\"{&quot;_animation&quot;:&quot;none&quot;}\" data-widget_type=\"text-editor.default\">\n\t\t\t\t<div class=\"elementor-widget-container\">\n\t\t\t\t\t\t\t\t<div class=\"elementor-text-editor elementor-clearfix\">\n\t\t\t\t<p><span style=\"font-weight: 400;\">When we present something visually, we use texts, pictures, graphs and some sort of a structure. The right combination of these make our presentation easy to follow and memorable.<\/span><\/p><p><span style=\"font-size: 18px; font-weight: 400;\">With the deliberate use of certain techniques and graphic elements we show you how to make your flipcharts and presentations more attractive and clear to your audience.<\/span><\/p><p><span style=\"font-size: 18px; font-weight: 400;\">Release the blocks holding you back from your creative self and start using visual tools to help you work with your group and communicate clearly.<\/span><\/p><p><span style=\"font-size: 18px; font-weight: 400;\">We offer <\/span><span style=\"font-size: 18px; font-weight: 400;\">public and internal <\/span><span style=\"font-size: 18px; font-weight: 400;\">Visual Facilitation and Lettering Trainings.<\/span><\/p>\t\t\t\t\t<\/div>\n\t\t\t\t\t\t<\/div>\n\t\t\t\t<\/div>\n\t\t\t\t\t\t<\/div>\n\t\t\t\t\t<\/div>\n\t\t<\/div>\n\t\t\t\t<div class=\"elementor-column elementor-col-50 elementor-inner-column elementor-element elementor-element-a6efd1c elementor-hidden-phone\" data-id=\"a6efd1c\" data-element_type=\"column\">\n\t\t\t<div class=\"elementor-column-wrap elementor-element-populated\">\n\t\t\t\t\t\t\t<div class=\"elementor-widget-wrap\">\n\t\t\t\t\t\t<div class=\"elementor-element elementor-element-a615334 elementor-widget elementor-widget-image\" data-id=\"a615334\" data-element_type=\"widget\" data-widget_type=\"image.default\">\n\t\t\t\t<div class=\"elementor-widget-container\">\n\t\t\t\t\t\t\t\t<div class=\"elementor-image\">\n\t\t\t\t\t\t\t\t\t\t\t\t<img decoding=\"async\" width=\"1000\" height=\"1000\" src=\"https:\/\/remarker.eu\/wp-content\/uploads\/2019\/04\/training_01.jpg\" class=\"attachment-full size-full wp-image-1522\" alt=\"\" srcset=\"https:\/\/remarker.eu\/wp-content\/uploads\/2019\/04\/training_01.jpg 1000w, https:\/\/remarker.eu\/wp-content\/uploads\/2019\/04\/training_01-150x150.jpg 150w, https:\/\/remarker.eu\/wp-content\/uploads\/2019\/04\/training_01-300x300.jpg 300w, https:\/\/remarker.eu\/wp-content\/uploads\/2019\/04\/training_01-768x768.jpg 768w\" sizes=\"(max-width: 1000px) 100vw, 1000px\" \/>\t\t\t\t\t\t\t\t\t\t\t\t\t\t<\/div>\n\t\t\t\t\t\t<\/div>\n\t\t\t\t<\/div>\n\t\t\t\t\t\t<\/div>\n\t\t\t\t\t<\/div>\n\t\t<\/div>\n\t\t\t\t\t\t\t\t<\/div>\n\t\t\t\t\t<\/div>\n\t\t<\/section>\n\t\t\t\t<div class=\"elementor-element elementor-element-28e86e6 elementor-align-center elementor-widget elementor-widget-global elementor-global-3226 elementor-widget-button\" data-id=\"28e86e6\" data-element_type=\"widget\" data-widget_type=\"button.default\">\n\t\t\t\t<div class=\"elementor-widget-container\">\n\t\t\t\t\t<div class=\"elementor-button-wrapper\">\n\t\t\t<a href=\"#elementor-action%3Aaction%3Dpopup%3Aopen%26settings%3DeyJpZCI6IjMyMDgiLCJ0b2dnbGUiOmZhbHNlfQ%3D%3D\" class=\"elementor-button-link elementor-button elementor-size-sm\" role=\"button\">\n\t\t\t\t\t\t<span class=\"elementor-button-content-wrapper\">\n\t\t\t\t\t\t<span class=\"elementor-button-text\">I\u2019m interested let\u2019s talk!<\/span>\n\t\t<\/span>\n\t\t\t\t\t<\/a>\n\t\t<\/div>\n\t\t\t\t<\/div>\n\t\t\t\t<\/div>\n\t\t\t\t\t\t<\/div>\n\t\t\t\t\t<\/div>\n\t\t<\/div>\n\t\t\t\t\t\t\t\t<\/div>\n\t\t\t\t\t<\/div>\n\t\t<\/section>\n\t\t\t\t<section class=\"elementor-section elementor-top-section elementor-element elementor-element-178a98c5 elementor-section-boxed elementor-section-height-default elementor-section-height-default\" data-id=\"178a98c5\" data-element_type=\"section\">\n\t\t\t\t\t\t<div class=\"elementor-container elementor-column-gap-default\">\n\t\t\t\t\t\t\t<div class=\"elementor-row\">\n\t\t\t\t\t<div class=\"elementor-column elementor-col-100 elementor-top-column elementor-element elementor-element-c274648\" data-id=\"c274648\" data-element_type=\"column\">\n\t\t\t<div class=\"elementor-column-wrap elementor-element-populated\">\n\t\t\t\t\t\t\t<div class=\"elementor-widget-wrap\">\n\t\t\t\t\t\t<div class=\"elementor-element elementor-element-3df8eda1 elementor-widget elementor-widget-heading\" data-id=\"3df8eda1\" data-element_type=\"widget\" data-widget_type=\"heading.default\">\n\t\t\t\t<div class=\"elementor-widget-container\">\n\t\t\t<h4 class=\"elementor-heading-title elementor-size-default\">PHOTOS OF OUR TRAININGS<\/h4>\t\t<\/div>\n\t\t\t\t<\/div>\n\t\t\t\t<div class=\"elementor-element elementor-element-55564da8 elementor-widget-divider--view-line elementor-widget elementor-widget-global elementor-global-1398 elementor-widget-divider\" data-id=\"55564da8\" data-element_type=\"widget\" data-widget_type=\"divider.default\">\n\t\t\t\t<div class=\"elementor-widget-container\">\n\t\t\t\t\t<div class=\"elementor-divider\">\n\t\t\t<span class=\"elementor-divider-separator\">\n\t\t\t\t\t\t<\/span>\n\t\t<\/div>\n\t\t\t\t<\/div>\n\t\t\t\t<\/div>\n\t\t\t\t\t\t<\/div>\n\t\t\t\t\t<\/div>\n\t\t<\/div>\n\t\t\t\t\t\t\t\t<\/div>\n\t\t\t\t\t<\/div>\n\t\t<\/section>\n\t\t\t\t<section class=\"elementor-section elementor-top-section elementor-element elementor-element-14f16447 elementor-section-boxed elementor-section-height-default elementor-section-height-default\" data-id=\"14f16447\" data-element_type=\"section\">\n\t\t\t\t\t\t<div class=\"elementor-container elementor-column-gap-default\">\n\t\t\t\t\t\t\t<div class=\"elementor-row\">\n\t\t\t\t\t<div class=\"elementor-column elementor-col-100 elementor-top-column elementor-element elementor-element-618ed12e\" data-id=\"618ed12e\" data-element_type=\"column\">\n\t\t\t<div class=\"elementor-column-wrap elementor-element-populated\">\n\t\t\t\t\t\t\t<div class=\"elementor-widget-wrap\">\n\t\t\t\t\t\t<div class=\"elementor-element elementor-element-7341609 elementor-widget elementor-widget-image\" data-id=\"7341609\" data-element_type=\"widget\" data-widget_type=\"image.default\">\n\t\t\t\t<div class=\"elementor-widget-container\">\n\t\t\t\t\t\t\t\t<div class=\"elementor-image\">\n\t\t\t\t\t\t\t\t\t\t\t\t<img decoding=\"async\" width=\"150\" height=\"150\" src=\"https:\/\/remarker.eu\/wp-content\/uploads\/2019\/04\/remarker-facebook_profil_00bab8-150x150.png\" class=\"attachment-thumbnail size-thumbnail wp-image-1493\" alt=\"\" srcset=\"https:\/\/remarker.eu\/wp-content\/uploads\/2019\/04\/remarker-facebook_profil_00bab8-150x150.png 150w, https:\/\/remarker.eu\/wp-content\/uploads\/2019\/04\/remarker-facebook_profil_00bab8-300x300.png 300w, https:\/\/remarker.eu\/wp-content\/uploads\/2019\/04\/remarker-facebook_profil_00bab8.png 360w\" sizes=\"(max-width: 150px) 100vw, 150px\" \/>\t\t\t\t\t\t\t\t\t\t\t\t\t\t<\/div>\n\t\t\t\t\t\t<\/div>\n\t\t\t\t<\/div>\n\t\t\t\t<div class=\"elementor-element elementor-element-8f92454 elementor-widget elementor-widget-image\" data-id=\"8f92454\" data-element_type=\"widget\" data-widget_type=\"image.default\">\n\t\t\t\t<div class=\"elementor-widget-container\">\n\t\t\t\t\t\t\t\t<div class=\"elementor-image\">\n\t\t\t\t\t\t\t\t\t\t\t\t<img decoding=\"async\" width=\"300\" height=\"71\" src=\"https:\/\/remarker.eu\/wp-content\/uploads\/2019\/04\/remarker_02_00bab8-300x71.png\" class=\"attachment-medium size-medium wp-image-1492\" alt=\"\" srcset=\"https:\/\/remarker.eu\/wp-content\/uploads\/2019\/04\/remarker_02_00bab8-300x71.png 300w, https:\/\/remarker.eu\/wp-content\/uploads\/2019\/04\/remarker_02_00bab8-768x182.png 768w, https:\/\/remarker.eu\/wp-content\/uploads\/2019\/04\/remarker_02_00bab8.png 881w\" sizes=\"(max-width: 300px) 100vw, 300px\" \/>\t\t\t\t\t\t\t\t\t\t\t\t\t\t<\/div>\n\t\t\t\t\t\t<\/div>\n\t\t\t\t<\/div>\n\t\t\t\t\t\t<\/div>\n\t\t\t\t\t<\/div>\n\t\t<\/div>\n\t\t\t\t\t\t\t\t<\/div>\n\t\t\t\t\t<\/div>\n\t\t<\/section>\n\t\t\t\t<section class=\"elementor-section elementor-top-section elementor-element elementor-element-884a577 elementor-section-content-middle elementor-section-boxed elementor-section-height-default elementor-section-height-default\" data-id=\"884a577\" data-element_type=\"section\" data-settings=\"{&quot;background_background&quot;:&quot;classic&quot;}\">\n\t\t\t\t\t\t<div class=\"elementor-container elementor-column-gap-no\">\n\t\t\t\t\t\t\t<div class=\"elementor-row\">\n\t\t\t\t\t<div class=\"elementor-column elementor-col-100 elementor-top-column elementor-element elementor-element-401ee6c3\" data-id=\"401ee6c3\" data-element_type=\"column\">\n\t\t\t<div class=\"elementor-column-wrap elementor-element-populated\">\n\t\t\t\t\t\t\t<div class=\"elementor-widget-wrap\">\n\t\t\t\t\t\t<div class=\"elementor-element elementor-element-ab9924c elementor-nav-menu__align-center elementor-hidden-tablet elementor-hidden-phone elementor-nav-menu--dropdown-tablet elementor-nav-menu__text-align-aside elementor-widget elementor-widget-nav-menu\" data-id=\"ab9924c\" data-element_type=\"widget\" data-settings=\"{&quot;layout&quot;:&quot;horizontal&quot;,&quot;submenu_icon&quot;:{&quot;value&quot;:&quot;&lt;i class=\\&quot;fas fa-caret-down\\&quot;&gt;&lt;\\\/i&gt;&quot;,&quot;library&quot;:&quot;fa-solid&quot;}}\" data-widget_type=\"nav-menu.default\">\n\t\t\t\t<div class=\"elementor-widget-container\">\n\t\t\t\t\t\t<nav class=\"elementor-nav-menu--main elementor-nav-menu__container elementor-nav-menu--layout-horizontal e--pointer-none\">\n\t\t\t\t<ul id=\"menu-1-ab9924c\" class=\"elementor-nav-menu\"><li class=\"menu-item menu-item-type-post_type menu-item-object-page menu-item-privacy-policy menu-item-3138\"><a href=\"https:\/\/remarker.eu\/index.php\/adatkezelesi-tajekoztato\/\" class=\"elementor-item\">Privacy Policy<\/a><\/li>\n<li class=\"menu-item menu-item-type-post_type menu-item-object-page menu-item-3145\"><a href=\"https:\/\/remarker.eu\/index.php\/aszf\/\" class=\"elementor-item\">Terms And Conditions<\/a><\/li>\n<\/ul>\t\t\t<\/nav>\n\t\t\t\t\t\t<nav class=\"elementor-nav-menu--dropdown elementor-nav-menu__container\" aria-hidden=\"true\">\n\t\t\t\t<ul id=\"menu-2-ab9924c\" class=\"elementor-nav-menu\"><li class=\"menu-item menu-item-type-post_type menu-item-object-page menu-item-privacy-policy menu-item-3138\"><a href=\"https:\/\/remarker.eu\/index.php\/adatkezelesi-tajekoztato\/\" class=\"elementor-item\" tabindex=\"-1\">Privacy Policy<\/a><\/li>\n<li class=\"menu-item menu-item-type-post_type menu-item-object-page menu-item-3145\"><a href=\"https:\/\/remarker.eu\/index.php\/aszf\/\" class=\"elementor-item\" tabindex=\"-1\">Terms And Conditions<\/a><\/li>\n<\/ul>\t\t\t<\/nav>\n\t\t\t\t<\/div>\n\t\t\t\t<\/div>\n\t\t\t\t<div class=\"elementor-element elementor-element-76f11a7 elementor-widget elementor-widget-heading\" data-id=\"76f11a7\" data-element_type=\"widget\" data-widget_type=\"heading.default\">\n\t\t\t\t<div class=\"elementor-widget-container\">\n\t\t\t<div class=\"elementor-heading-title elementor-size-default\">Copyright 2019 \u00a9 All rights Reserved.<\/div>\t\t<\/div>\n\t\t\t\t<\/div>\n\t\t\t\t\t\t<\/div>\n\t\t\t\t\t<\/div>\n\t\t<\/div>\n\t\t\t\t\t\t\t\t<\/div>\n\t\t\t\t\t<\/div>\n\t\t<\/section>\n\t\t\t\t\t\t\t\t\t<\/div>\n\t\t\t<\/div>\n\t\t\t\t\t<\/div>\n\t\t","protected":false},"excerpt":{"rendered":"<p>Training Bringing visuals into your daily life and work When we present something visually, we use texts, pictures, graphs and some sort of a structure. The right combination of these make our presentation easy to follow and memorable. With the deliberate use of certain techniques and graphic elements we show you how to make your [&hellip;]<\/p>\n","protected":false},"author":1,"featured_media":0,"parent":0,"menu_order":0,"comment_status":"closed","ping_status":"closed","template":"","meta":[],"yoast_head":"<!-- This site is optimized with the Yoast SEO plugin v20.4 - https:\/\/yoast.com\/wordpress\/plugins\/seo\/ -->\n<title>Training - Remarker<\/title>\n<meta name=\"robots\" content=\"index, follow, max-snippet:-1, max-image-preview:large, max-video-preview:-1\" \/>\n<link rel=\"canonical\" href=\"https:\/\/remarker.eu\/index.php\/training\/\" \/>\n<meta property=\"og:locale\" content=\"hu_HU\" \/>\n<meta property=\"og:type\" content=\"article\" \/>\n<meta property=\"og:title\" content=\"Training - Remarker\" \/>\n<meta property=\"og:description\" content=\"Training Bringing visuals into your daily life and work When we present something visually, we use texts, pictures, graphs and some sort of a structure. The right combination of these make our presentation easy to follow and memorable. With the deliberate use of certain techniques and graphic elements we show you how to make your [&hellip;]\" \/>\n<meta property=\"og:url\" content=\"https:\/\/remarker.eu\/index.php\/training\/\" \/>\n<meta property=\"og:site_name\" content=\"Remarker\" \/>\n<meta property=\"article:publisher\" content=\"https:\/\/www.facebook.com\/remarker.eu\" \/>\n<meta property=\"article:modified_time\" content=\"2019-08-12T20:17:13+00:00\" \/>\n<meta property=\"og:image\" content=\"https:\/\/remarker.eu\/wp-content\/uploads\/2019\/04\/training_01.jpg\" \/>\n<meta name=\"twitter:card\" content=\"summary_large_image\" \/>\n<meta name=\"twitter:label1\" content=\"Becs\u00fclt olvas\u00e1si id\u0151\" \/>\n\t<meta name=\"twitter:data1\" content=\"1 perc\" \/>\n<script type=\"application\/ld+json\" class=\"yoast-schema-graph\">{\"@context\":\"https:\/\/schema.org\",\"@graph\":[{\"@type\":\"WebPage\",\"@id\":\"https:\/\/remarker.eu\/index.php\/training\/\",\"url\":\"https:\/\/remarker.eu\/index.php\/training\/\",\"name\":\"Training - Remarker\",\"isPartOf\":{\"@id\":\"https:\/\/remarker.eu\/#website\"},\"datePublished\":\"2019-04-03T10:20:07+00:00\",\"dateModified\":\"2019-08-12T20:17:13+00:00\",\"breadcrumb\":{\"@id\":\"https:\/\/remarker.eu\/index.php\/training\/#breadcrumb\"},\"inLanguage\":\"hu\",\"potentialAction\":[{\"@type\":\"ReadAction\",\"target\":[\"https:\/\/remarker.eu\/index.php\/training\/\"]}]},{\"@type\":\"BreadcrumbList\",\"@id\":\"https:\/\/remarker.eu\/index.php\/training\/#breadcrumb\",\"itemListElement\":[{\"@type\":\"ListItem\",\"position\":1,\"name\":\"Kezd\u0151lap\",\"item\":\"https:\/\/remarker.eu\/\"},{\"@type\":\"ListItem\",\"position\":2,\"name\":\"Training\"}]},{\"@type\":\"WebSite\",\"@id\":\"https:\/\/remarker.eu\/#website\",\"url\":\"https:\/\/remarker.eu\/\",\"name\":\"Remarker\",\"description\":\"Graphic Recording\",\"publisher\":{\"@id\":\"https:\/\/remarker.eu\/#organization\"},\"potentialAction\":[{\"@type\":\"SearchAction\",\"target\":{\"@type\":\"EntryPoint\",\"urlTemplate\":\"https:\/\/remarker.eu\/?s={search_term_string}\"},\"query-input\":\"required name=search_term_string\"}],\"inLanguage\":\"hu\"},{\"@type\":\"Organization\",\"@id\":\"https:\/\/remarker.eu\/#organization\",\"name\":\"Remarker\",\"url\":\"https:\/\/remarker.eu\/\",\"logo\":{\"@type\":\"ImageObject\",\"inLanguage\":\"hu\",\"@id\":\"https:\/\/remarker.eu\/#\/schema\/logo\/image\/\",\"url\":\"https:\/\/remarker.eu\/wp-content\/uploads\/2019\/04\/cropped-remarker_02_00bab8-1.png\",\"contentUrl\":\"https:\/\/remarker.eu\/wp-content\/uploads\/2019\/04\/cropped-remarker_02_00bab8-1.png\",\"width\":881,\"height\":209,\"caption\":\"Remarker\"},\"image\":{\"@id\":\"https:\/\/remarker.eu\/#\/schema\/logo\/image\/\"},\"sameAs\":[\"https:\/\/www.facebook.com\/remarker.eu\",\"https:\/\/www.instagram.com\/remarker_eu\/\"]}]}<\/script>\n<!-- \/ Yoast SEO plugin. -->","yoast_head_json":{"title":"Training - Remarker","robots":{"index":"index","follow":"follow","max-snippet":"max-snippet:-1","max-image-preview":"max-image-preview:large","max-video-preview":"max-video-preview:-1"},"canonical":"https:\/\/remarker.eu\/index.php\/training\/","og_locale":"hu_HU","og_type":"article","og_title":"Training - Remarker","og_description":"Training Bringing visuals into your daily life and work When we present something visually, we use texts, pictures, graphs and some sort of a structure. The right combination of these make our presentation easy to follow and memorable. With the deliberate use of certain techniques and graphic elements we show you how to make your [&hellip;]","og_url":"https:\/\/remarker.eu\/index.php\/training\/","og_site_name":"Remarker","article_publisher":"https:\/\/www.facebook.com\/remarker.eu","article_modified_time":"2019-08-12T20:17:13+00:00","og_image":[{"url":"https:\/\/remarker.eu\/wp-content\/uploads\/2019\/04\/training_01.jpg"}],"twitter_card":"summary_large_image","twitter_misc":{"Becs\u00fclt olvas\u00e1si id\u0151":"1 perc"},"schema":{"@context":"https:\/\/schema.org","@graph":[{"@type":"WebPage","@id":"https:\/\/remarker.eu\/index.php\/training\/","url":"https:\/\/remarker.eu\/index.php\/training\/","name":"Training - Remarker","isPartOf":{"@id":"https:\/\/remarker.eu\/#website"},"datePublished":"2019-04-03T10:20:07+00:00","dateModified":"2019-08-12T20:17:13+00:00","breadcrumb":{"@id":"https:\/\/remarker.eu\/index.php\/training\/#breadcrumb"},"inLanguage":"hu","potentialAction":[{"@type":"ReadAction","target":["https:\/\/remarker.eu\/index.php\/training\/"]}]},{"@type":"BreadcrumbList","@id":"https:\/\/remarker.eu\/index.php\/training\/#breadcrumb","itemListElement":[{"@type":"ListItem","position":1,"name":"Kezd\u0151lap","item":"https:\/\/remarker.eu\/"},{"@type":"ListItem","position":2,"name":"Training"}]},{"@type":"WebSite","@id":"https:\/\/remarker.eu\/#website","url":"https:\/\/remarker.eu\/","name":"Remarker","description":"Graphic Recording","publisher":{"@id":"https:\/\/remarker.eu\/#organization"},"potentialAction":[{"@type":"SearchAction","target":{"@type":"EntryPoint","urlTemplate":"https:\/\/remarker.eu\/?s={search_term_string}"},"query-input":"required name=search_term_string"}],"inLanguage":"hu"},{"@type":"Organization","@id":"https:\/\/remarker.eu\/#organization","name":"Remarker","url":"https:\/\/remarker.eu\/","logo":{"@type":"ImageObject","inLanguage":"hu","@id":"https:\/\/remarker.eu\/#\/schema\/logo\/image\/","url":"https:\/\/remarker.eu\/wp-content\/uploads\/2019\/04\/cropped-remarker_02_00bab8-1.png","contentUrl":"https:\/\/remarker.eu\/wp-content\/uploads\/2019\/04\/cropped-remarker_02_00bab8-1.png","width":881,"height":209,"caption":"Remarker"},"image":{"@id":"https:\/\/remarker.eu\/#\/schema\/logo\/image\/"},"sameAs":["https:\/\/www.facebook.com\/remarker.eu","https:\/\/www.instagram.com\/remarker_eu\/"]}]}},"_links":{"self":[{"href":"https:\/\/remarker.eu\/index.php\/wp-json\/wp\/v2\/pages\/1489"}],"collection":[{"href":"https:\/\/remarker.eu\/index.php\/wp-json\/wp\/v2\/pages"}],"about":[{"href":"https:\/\/remarker.eu\/index.php\/wp-json\/wp\/v2\/types\/page"}],"author":[{"embeddable":true,"href":"https:\/\/remarker.eu\/index.php\/wp-json\/wp\/v2\/users\/1"}],"replies":[{"embeddable":true,"href":"https:\/\/remarker.eu\/index.php\/wp-json\/wp\/v2\/comments?post=1489"}],"version-history":[{"count":25,"href":"https:\/\/remarker.eu\/index.php\/wp-json\/wp\/v2\/pages\/1489\/revisions"}],"predecessor-version":[{"id":3232,"href":"https:\/\/remarker.eu\/index.php\/wp-json\/wp\/v2\/pages\/1489\/revisions\/3232"}],"wp:attachment":[{"href":"https:\/\/remarker.eu\/index.php\/wp-json\/wp\/v2\/media?parent=1489"}],"curies":[{"name":"wp","href":"https:\/\/api.w.org\/{rel}","templated":true}]}}